 tens digit of s?
3
Suppose -4*k + 16 = -a, -a + 5*a = 2*k - 92. Let l = a + 115. What is the units digit of l?
1
Let c = -134 - -217. Let p = c - 56. What is the units digit of p?
7
Suppose -1627 = -5*o + b, -5*o - 3*b = 299 - 1918. Suppose -q + 15 = 5*x - 295, -5*x = 4*q - o. What is the tens digit of x?
6
Let b(h) = -5*h**3 - 3*h**2 + 24*h + 28. Let f(x) = x**3 + x**2 - 6*x - 7. Let y(g) = -2*b(g) - 9*f(g). What is the units digit of y(5)?
7
Let i = -1208 + 1941. What is the hundreds digit of i?
7
Suppose -3*n - n = 3*v - 1, -17 = -3*n + v. Suppose -2*y + n*j - j + 133 = 0, 2*j = -y + 70. What is the tens digit of y?
6
Let h = 7 + 883. What is the units digit of h?
0
Let a(b) = b**3 - 3*b**2 - 3*b + 6. Let w be a(5). Let s = 35 - 30. Suppose 3*i - 109 = 5*g, -s*i - 3*g + w = -3*i. What is the units digit of i?
8
Suppose 6783 = 35*z - 28*z. What is the tens digit of z/6 + (-3)/6?
6
Let j(y) = y**3 - 10*y**2 - 14*y + 33. Let o be j(11). Suppose 642 = 6*a - o*a. What is the tens digit of a?
0
Let t be 138/7 - 22/(-77). Suppose -6 - t = -y. What is the units digit of y?
6
Suppose 0 = -46*r + 58*r - 31632. What is the tens digit of r?
3
Let p = -96 - -103. Suppose -p*r = -11*r + 324. What is the tens digit of r?
8
Let a = -9 - -10. Let u(v) = -10*v + a - 1 + 11*v. What is the units digit of u(9)?
9
Suppose 4*r + 16 = 0, -10*r = y - 6*r - 94. What is the hundreds digit of y?
1
Suppose -24 - 654 = -3*m. What is the units digit of m?
6
Let u(z) = 3*z**2 - z. Let s be u(2). Suppose -6*f - 8 = -s*f. Suppose -10 = f*k, 2*i - 15 = 3*k + 34. What is the tens digit of i?
1
Suppose 2*m + 4*x = 22, 3*m - 53 = -0*x + 4*x. Let t = m - -19. Let d = -20 + t. What is the units digit of d?
4
Suppose -n - 2*n = 13*n. What is the units digit of 4*(n + (-126)/(-4))?
6
Let h(o) = -3*o - 32. Let x(c) = -c - 1. Let t(g) = -6*g - 36. Let l(d) = -t(d) + 4*x(d). Let a(w) = 3*h(w) + 4*l(w). What is the tens digit of a(0)?
3
Let k = -76 - -120. Suppose -6*v = -2*v + k. What is the units digit of 171/33 - (-2)/v?
5
Let h = -129 + 245. What is the hundreds digit of h?
1
Let u(r) = r + 13. Let s be u(-11). Suppose 36 = s*n - 62. What is the tens digit of n?
4
Let c = -2 - -7. Suppose 5*g = -4*j - 0*j - 158, -164 = c*g + 2*j. What is the tens digit of (0 - 2)*g/4?
1
Let h(v) = v**2 - v - 2. Let i be h(-2). Suppose d + i*d + 151 = 3*a, -3*d - 5*a = 77. Let f = 24 - d. What is the tens digit of f?
5
Suppose v + 1 = 6. Let g = 2 + v. Suppose -3*d = -n - n, -5*d + n + g = 0. What is the units digit of d?
2
Let l(r) = 3*r**3 - 13*r**2 + 7*r - 8. Let q be l(4). Suppose 495 = 5*o - 5*y, q*o - 187 = y + 212. What is the units digit of o?
0
Let l = -345 + 583. What is the tens digit of l?
3
Let s(z) = z**2 - 18*z - 18. Let w = 137 - 117. What is the units digit of s(w)?
2
Suppose 3*c - 4 + 26 = q, 3*q - 136 = -5*c. Suppose q = a - 22. What is the tens digit of a?
5
Suppose -26 = 2*z + 2*o, -4*z = 2*o - 3*o + 42. What is the tens digit of (-37 - 0)/(z/11)?
3
Let x = -203 - -205. Suppose -2*u = u. Suppose 0 = x*r - u*l - 5*l - 36, 3*l = 5*r - 128. What is the tens digit of r?
2
Suppose 5*p = i - 120, 2*p - 2*i - 7 = -55. What is the tens digit of p/14*2079/(-54)?
6
Let h = -2817 + 6361. What is the hundreds digit of h?
5
Let b = 10 + -5. Suppose -n + 85 = b*m, n - 5*n - 20 = 0. What is the tens digit of m?
1
Let v = -29 - -13. Let l be v/7 - 4/(-14). Let g = l + 3. What is the units digit of g?
1
Suppose 15*f = -10*f + 13150. What is the units digit of f?
6
Let p(k) = 2*k**2 + 15*k + 9. What is the hundreds digit of p(9)?
3
Let a(x) = -x**3 - 6*x**2 - 7*x - 6. Let v(z) = -z**3 + 7*z**2 - 2*z - 14. Let k be v(6). Let h be 4/k - 256/40. What is the tens digit of a(h)?
3
What is the units digit of (-7 + 4 - (-1630)/15)*6?
4
Suppose 9 = 3*r, -4*r - 174 = 2*l - 682. What is the tens digit of l?
4
Suppose 9 = -2*g + 19. Suppose g*o = 4*h + 780, 0 = 3*o - 4*h - 385 - 83. What is the hundreds digit of o?
1
Let i(q) = q**3 - 7*q**2 + 6*q - 1. Let p = -15 + -13. Let n be (-2)/(-1*(-8)/p). What is the units digit of i(n)?
1
Suppose -2*j - s - 9 = 0, 3*s = -4*j - j - 25. Let u = 5 + j. Suppose 2*i = 5*i + 4*r - 94, -u*i = -4*r - 110. What is the tens digit of i?
3
What is the tens digit of 2276 + (-7 - -5) - (-1 - -1)?
7
Let k = -2 + 7. Suppose -k*p + 1295 = 5*r, 2*r + 1302 = 11*p - 6*p. What is the units digit of p?
0
Let s = 7 + -2. Suppose m + 317 = s*r, -4*r = -3*m + 45 - 952. What is the units digit of (8/(-6))/(9/m)?
4
Suppose 53*m = 1169 + 66459. What is the hundreds digit of m?
2
Let u = -14 + 22. Suppose u = -a + 13. What is the units digit of a?
5
Let m be (-52)/9 + (-6)/27. Let u(q) = -q**3 - 3*q**2 + 10*q + 13. Let o be u(m). Suppose -v + 6*v + o = 3*n, -10 = 5*v. What is the units digit of n?
7
Let w(f) = 0 + 1151*f + 0 - 909*f. What is the units digit of w(1)?
2
Let q be 7*2/7 - 3/(-3). Suppose 2*t - 407 = -f, -2*t = -q*f - 458 + 55. What is the units digit of t?
3
Suppose 2*y = 3*y - c - 1, 2*c - 22 = -2*y. What is the tens digit of 2/(-9) + y/((-108)/(-2254))?
2
Let a be ((-2332)/(-16) - -6) + (-6)/8. Let k = a + -30. What is the units digit of k?
1
Let h = 7 - 9. Let g(x) = 17*x + 2. Let c be g(h). Let i = -11 - c. What is the units digit of i?
1
Let z be ((-9153)/2)/9*8/3. What is the tens digit of (8/28 + z/(-7))/2?
9
Suppose g + 0 = 3. Suppose 0 = u + g, 3*u + 9 = -2*r - 22. What is the units digit of (r/(-2))/(8/48)?
3
Suppose 0 = -2*v + 2*a + 2102, -5*a = -3*v - 0*a + 3151. What is the thousands digit of v?
1
Let g(h) be the second derivative of -h**5/10 - h**4/4 - h**3/2 + h**2 + 10*h - 1. Suppose 3 = f - 2*f. What is the tens digit of g(f)?
3
Suppose b - 421 = -n, 3*b - 2*n = -2*b + 2084. What is the hundreds digit of b?
4
Let t(j) = j**2 - 3*j + 3. Let c be t(-3). Let b be -4*3/(-12) - c. Let z = -15 - b. What is the units digit of z?
5
What is the hundreds digit of -1 + 3 + 5 + 696?
7
Let g(i) = 2*i - 16. Let o be g(12). Suppose 7*n - o*n + 128 = 0. What is the units digit of n?
8
Let p(f) = -327*f + 160. What is the hundreds digit of p(-6)?
1
Suppose 3*c - t + 9 = 7*c, 6 = 5*c - 4*t. Suppose 2*o = -c*o + 468. What is the hundreds digit of o?
1
Let l = -42 - -11. Let j = l - -71. Suppose o - j = -3*o. What is the tens digit of o?
1
Suppose -k = 2*l - 245 + 49, -5*l - 920 = -5*k. What is the hundreds digit of k?
1
Let f = -25 + 43. Let s be 8/(-36) - (-6376)/f. What is the tens digit of s/7 - 3/(-7)?
5
Suppose 3*f = -4*o + 2856, 3*f + f = 0. What is the units digit of o?
4
Let m(j) = -j - 1. Let h be m(-3). Suppose -4*z - 16 = -4, -3*q = -3*z + 12. What is the units digit of q/h*20/(-35)?
2
Let b(z) = 4*z + 1. Let i be b(1). Suppose 2*j - 2 = -2*v, -4*v = j - 0*v + 2. Suppose 0 = -3*r - s + 192, -j*s + 192 = i*r - 129. What is the units digit of r?
3
Suppose -w - 4*t - 167 = 0, -2*w + 2*t + 2*t = 310. Let u = w - -104. Let p = -33 - u. What is the tens digit of p?
2
Suppose 6424 - 96829 = -21*m. What is the thousands digit of m?
4
Let i(k) = 9*k - 32. Let b be i(9). Suppose 5*n = -t + 443, b = -4*n - 4*t + 397. What is the tens digit of n?
8
Suppose -5*r = 4*v - 57, -5*r + 28 + 37 = 5*v. Suppose -n + 4*o - v = 0, -o + 0*o = 3*n - 41. Let g = n + 38. What is the units digit of g?
0
Let s = -15 + 9. Let l(f) = f**3 - 15*f**2 - 2*f + 31. Let p be l(15). Let t = p - s. What is the units digit of t?
7
Suppose 5 = -3*n + 47. Let p = -10 + n. Suppose p*h + q = -q + 46, -4*q - 18 = -3*h. What is the units digit of h?
0
Suppose 2*g - 3*q + 2*q + 312 = 0, -4*g - q - 612 = 0. What is the hundreds digit of 1563/7 - (-44)/g?
2
Let f = 2 + 13. Suppose 0 = 4*r, 2*p + 2*r - 277 + f = 0. Suppose 2*a = 5*s - 213, 0 = -3*s - 0*a - 2*a + p. What is the tens digit of s?
4
Suppose -3*f + 15 = 5*h + 2*f, 0 = -3*f + 3. Suppose -2*s - 330 = -3*l + 356, 3*l + h*s - 670 = 0. What is the units digit of l?
6
Let m(g) = -53*g**3 + 9*g + 13. What is the tens digit of m(-2)?
1
Let k = -764 - -3366. What is the thousands digit of k?
2
Let z = -14 + 42. Suppose 3*c - z = -c. What is the units digit of (c - 3 - 2) + 4?
6
What is the thousands digit of (-48)/216 + (-9011)/(-9)?
1
Let u = 78 - 68. Suppose -5*f + 20 - u = 0. What is the units digit of f?
2
Let z be (-2)/(0 - (-2)/(-3)). Suppose 2*p - p - 4 